/2 - 7*p**2/2 + 61. Let y(b) be the second derivative of q(b). What is y(3)?
-12
Let r = 24599 + -24616. Let a(t) = -t**2 - 26*t + 17. Give a(r).
170
Suppose 17*v + 42*v = 236. Let g(p) be the second derivative of 0 - 5*p - 1/6*p**3 + 0*p**2 - 1/12*p**v. What is g(0)?
0
Let j(l) be the first derivative of 6*l**2 + 141*l - 6056. Give j(-13).
-15
Let r(m) = 26*m + 195. Let u be r(-8). Let j(n) = 18*n + 224. Let c be j(u). Let z(d) be the first derivative of d**2/2 + 9*d - 1. Calculate z(c).
-1
Let p(m) = 4*m + 8. Let z(s) = -30*s - 31. Let v(x) = -5*p(x) - z(x). Calculate v(6).
51
Let m(f) = f**2 + 40*f + 168. Let a = -1553 + 1518. Give m(a).
-7
Let u(h) = 17*h**3 + 2*h**2 - h. Suppose -295*x + 297*x - 23 = 3*q, 0 = 2*q + 14. What is u(x)?
18
Suppose 5*w + 5*t - 511 = -206, -5*w + 304 = 4*t. Let h(c) = -4*c + 4*c + w - 58 - 3*c - c**3. Give h(2).
-12
Let m be 2/(-11) + (-1390)/(-22). Suppose -m + 59 = -2*s. Let z(t) = -84*t**2 + 4*t + 83*t**2 + s - 3*t. Determine z(3).
-4
Let v = -1 - -2. Suppose -6 = -29*b + 26*b. Let d(t) = -36 + 67 + 3*t**b - 2*t - 30. Determine d(v).
2
Let q(w) = -2 + 4*w - 9*w + 3*w + 0*w. Let b = -904 - -898. Determine q(b).
10
Let b(s) be the third derivative of -s**5/60 - s**4/2 - 3*s**3/2 - 10*s**2 + 27*s. Determine b(-7).
26
Let c(j) be the second derivative of -j**4/6 - 2*j**3/3 + 9*j**2/2 - 1040*j. What is c(-7)?
-61
Let a(l) = -l**3 + 33*l**2 + 34*l - 2. Let m = -9393 + 9427. Calculate a(m).
-2
Let x(v) = -6*v - 6. Let g(r) = 8*r**2 - 372*r - 184. Let u be g(47). Give x(u).
-30
Let l(m) be the third derivative of 9*m**4/4 - m**3/6 + m**2 + m + 76. Determine l(1).
53
Let p(l) = 2*l - 3. Suppose 5*d - c = c + 18, 0 = 3*d - 2*c - 14. Let h = 0 - 0. Suppose h = -4*z - g - 13 - 5, 0 = z - d*g. Determine p(z).
-11
Let s(u) be the first derivative of -65 - 1/2*u**2 - 1/2*u**4 + u - 2/3*u**3. Calculate s(-2).
11
Let l(q) = 9*q**2 - 142*q - 5. Let n(h) = h**2 - 36*h - 1. Let i(x) = l(x) - 4*n(x). Let j(d) = 2*d. Let r be j(-1). Calculate i(r).
15
Let b(c) = 4*c**2 - 3*c - 10. Let r(k) = k**2 - 1. Let z(o) = b(o) - 5*r(o). Let j = 20404 + -20409. Calculate z(j).
-15
Suppose 5 = 4*x + 5*z, 35 = 4*x + 24*z - 29*z. Let s(f) = -f**2 - 15 + 7 + 7 - f - f + x*f**2. Determine s(3).
29
Let p = 8 + -5. Let v = -121 + 123. Let g(m) = -m + 2. Let j(h) = -3*h - 5. Let d(n) = v*g(n) + j(n). Give d(p).
-16
Let v(g) = -98*g + 415*g + 3 - 112*g - 103*g + 2*g**2 - 105*g - 3*g**3. Calculate v(1).
-1
Let h be ((-10)/10)/(15/(-90)*2/3). Let s(b) be the first derivative of b**4/4 - 8*b**3/3 - 4*b**2 - 8*b + 1. Give s(h).
1
Suppose 0 = -26*b - 787 + 709. Let n(s) = -3*s**3 + 5*s**2 + 5*s - 3. Determine n(b).
108
Suppose -x = 2*i - 9, -4*i + 2*x + 5 = -33. Suppose 7 - 1 = 3*p + 3*j, -4*p + i = 3*j. Let t(r) = 7*r**2 - r + 2. What is t(p)?
8
Suppose 5152 - 4519 = 208*l + 10617. Let x(b) = b + 40. What is x(l)?
-8
Let s(p) be the second derivative of 7*p**3/3 + 13*p**2/2 + 601*p. Determine s(-1).
-1
Let y(a) = a + 2. Let j(q) = q + 31. Let z be j(-23). Let c(k) = -2*k**3 + 17*k**2 - 7*k + 1. Let t be c(z). Suppose w = -t*w + 50. Give y(w).
7
Let x(z) = z**3 + 5*z**2 + 5*z + 5. Let h(u) = 33*u**3 - 3*u**2 - 2. Let d be h(2). Let f be d/200 - 21/4. Determine x(f).
1
Let v be (-20)/6*(-24)/10. Let u(x) = 29*x**2 - x - 1. Let k(r) = -59*r**2 + 11*r - 4. Let j(i) = -k(i) - 2*u(i). What is j(v)?
-2
Let g(k) = -89*k**2 - 3*k + 45. Let p(q) = 6*q**2 - q - 2. Let v(y) = -g(y) - 16*p(y). Give v(2).
-3
Let f(d) = -2*d - 1. Suppose 6 = 2*k + 5*p, p + 6 = 2*k - 3*p. Let i = 9132 + -9124. Suppose 0 = 5*b - 15, i*b = 5*q + k*b. What is f(q)?
-7
Let b(y) be the first derivative of -30*y**2 + 297*y - 2221. Determine b(5).
-3
Let h(u) = -2*u**2 - u - 1. Let s be h(-1). Let c(j) be the third derivative of 1/3*j**3 - 1/24*j**4 + j**2 + 0 - 1/30*j**5 - 33*j. Calculate c(s).
-4
Suppose -279*j + 92*j - 2057 = 0. Let m(a) = a**2 + 17*a + 43. Determine m(j).
-23
Let j(i) = -i**3 + 5*i**2. Suppose 5*v - 109 = -4. Let z = v + -16. What is j(z)?
0
Let s(j) = 563 + 8*j**2 + 10*j**2 - 564 - 96*j - 12*j**2. Give s(16).
-1
Let h(z) = z**3 + 7*z**2 - 2*z - 9. Let f be h(-7). Let y(c) = -95*c**2 - 25*c + 14. Let x(u) = -68*u**2 - 17*u + 9. Let i(m) = -7*x(m) + 5*y(m). What is i(f)?
2
Let m(d) = 11*d**3 - 397*d**2 + 52*d - 81. Let c(z) = 3*z**3 - 110*z**2 + 15*z - 23. Let l(f) = -18*c(f) + 5*m(f). Let g = 7 + -1. Give l(g).
-15
Let z(q) = -428*q - 2272. Let y(c) = -142*c - 767. Let r(h) = 14*y(h) - 4*z(h). Determine r(-6).
6
Suppose -2*t = -b - 10, b + t = -3*b - 40. Let k be b/1*8/(-10). Let x(d) = d + 8*d**2 + 3*d**2 + 2*d**2 + 23809 + 9*d - 23816 - 14*d**2. Calculate x(k).
9
Let z(t) = t**2 + 3*t - 6. Let w be z(-4). Let s be ((-15)/3)/(-1) - (-6)/w. Let r(q) = 15 - 3*q**s + 3*q - 12 + 2*q**2. Give r(-3).
-15
Let x(y) = -y**3 - 11*y**2 + 23*y - 22. Let i = 17789 - 17802. Give x(i).
17
Let k(n) be the first derivative of -n**3/3 - 9*n**2/2 + 6*n + 705. Give k(-8).
14
Let b(y) be the second derivative of 2 - 12*y - 4*y**2 + 0*y**3 - 1/20*y**5 + 7/6*y**4. Calculate b(14).
-8
Let h(c) = -5*c**3 + 2*c**2 - 5*c + 1. Let j(s) = -5*s**2 + 14*s + 16*s**3 - 3 + 5*s**3 - 7*s**3 + 0*s**3. Let u(z) = 17*h(z) + 6*j(z). Calculate u(3).
5
Let z(s) be the first derivative of s**3/2 - 2*s**2 - 64*s - 89. Let g(f) be the first derivative of z(f). Give g(9).
23
Let l(w) be the first derivative of w**5/20 - w**3/3 - w**2/2 + 213*w + 136. Let h(s) be the first derivative of l(s). Determine h(-1).
0
Let v(h) = 8*h**2 + 62*h - 27. Let a be v(-8). Let g(i) = -3*i**2 - 32*i + 26. Give g(a).
15
Let y = -475 + 479. Let z(x) = -4*x + 8. Determine z(y).
-8
Let r(z) = -z**2 + 6*z + 11. Suppose 2000 = 4*x - 312. Let t = x - 570. Determine r(t).
-5
Let z(w) = w + 2. Let q(h) = -2*h - 5. Let x(b) = 4*q(b) + 7*z(b). Let a(v) = -3*v - 18. Suppose 9*n = 7*n - 12. Let k(d) = n*a(d) + 17*x(d). Determine k(0).
6
Let u be 2*(0 + 44/(-8)). Let b = 55 + u. Let s(l) = 13*l - b*l - 6 + 12*l + 18*l. Calculate s(-11).
5
Let m(g) = g**2 + 3*g - 6. Suppose -5*j - 3*r = r + 44, 2*j = -3*r - 12. Let b be j/(-4)*(-5)/(-3). Determine m(b).
34
Let z(l) = 21*l + 29. Let k(h) = 11*h + 15. Let t(w) = 11*k(w) - 6*z(w). Let g be 1/((-2)/(-10) - (-19)/6840*-132). Calculate t(g).
21
Let o(r) = -15*r + 45. Suppose -530 = -40*l - l - 65*l. Calculate o(l).
-30
Let q(x) = -x**3 + 5*x**2 - x + 18. Let l be ((-1)/3 - (-4)/(-15))*(37 + -47). Give q(l).
-24
Suppose 5*f - 4*f = -5. Let v(b) = b**3 + 6*b**2 + 5*b + 2. Let q be v(f). Let j(k) = -4*k + 0*k**2 - 3*k**2 + 2*k**2 + q*k**2 + 2. Give j(6).
14
Let f be (-10)/(-6)*48/8. Let n be (8/f)/(2/5). Let w(i) = i**n + 5*i - 4*i - 9 + 8. Determine w(-4).
11
Let y(l) = -14*l + 23. Let t(b) = 3*b. Let n(m) = -4*t(m) - y(m). Give n(-6).
-35
Let j = -27 - -30. Let z(m) = -9*m + m + j*m. Let l(c) = -c**3 - 23*c**2 - 39*c + 64. Let x be l(-21). Determine z(x).
-5
Suppose -1 + 2 = q - 3*j, 4*q - 13 = 3*j. Let h(y) = -y**3 - y**2 - y - 7. Let g(p) = -4*p**3 - p**2 - 3*p - 25. Let r(i) = 2*g(i) - 7*h(i). What is r(q)?
19
Let c(t) = 4*t**2 - 2*t + 1. Let g be c(1). Let s(z) = 10 - 17 + 5*z**2 - z**g + 6*z + 1. Let y be (-9 + 13)*6/4. Calculate s(y).
-6
Let y(v) be the second derivative of v**6/360 - v**5/120 - v**4/8 + 37*v**3/6 + 32*v - 1. Let d(c) be the second derivative of y(c). Calculate d(4).
9
Suppose t = -5*k + 41 + 41 - 18, -26 = -2*k. Let z = 1 - 1. Let c(w) = z*w - 3*w**2 + 8*w**2 - 1 - w. Determine c(t).
5
Suppose 48 = 5*v - 682. Let h = v - 140. Let d(b) = 7*b - 13. Let o(f) = f - 1. Let i(k) = -d(k) + 6*o(k). Calculate i(h).
1
Let r(c) = 4*c**3 + 12*c**2 + 9*c - 1. Let d(x) = -x**3 - 3*x**2 - 2*x. Let g be (-48)/(-22) + (-104)/572. Let w(i) = g*r(i) + 9*d(i). What is w(-3)?
-2
Let h(b) = -2 - 12*b**3 - 27*b + 18 + 20*b**2 + 25 - 5*b**2. Let n(p) = -19*p**3 + 22*p**2 - 41*p + 62. Let y(s) = -8*h(s) + 5*n(s). Calculate y(9).
0
Let n(p) be the third derivative of p**4/8 + 2*p**3/3 + 6*p**2. Let w(l) be the first derivative of 5*l**2/2 - 30*l - 55. Let z be w(7). Determine n(z).
19
Let l(h) = h**2 - 19*h - 94. Let u be l(-4). Let g(a) = 35*a - 11. Let v(y) = -70*y + 28. Let i(k) = u*v(k) - 5*g(k). Give i(-1).
34
Let y(h) = -637*h + 649*h - h**2 - 12 - 14. Let a be y(9). Let o(n) = 10*n**3 - n + 1. 